ten thousands digit of 384749?
8
What is the units digit of 2758202?
2
What is the units digit of 6974142?
2
What is the ten thousands digit of 643127?
4
What is the ten thousands digit of 299395?
9
What is the units digit of 2013165?
5
What is the ten thousands digit of 652343?
5
What is the units digit of 25802?
2
What is the hundreds digit of 3694261?
2
What is the ten thousands digit of 270763?
7
What is the hundred thousands digit of 111564?
1
What is the thousands digit of 197808?
7
What is the millions digit of 22538917?
2
What is the tens digit of 4489477?
7
What is the ten thousands digit of 528845?
2
What is the tens digit of 3029116?
1
What is the hundred thousands digit of 8198976?
1
What is the thousands digit of 2445406?
5
What is the tens digit of 1162573?
7
What is the hundred thousands digit of 515086?
5
What is the hundreds digit of 142334?
3
What is the ten thousands digit of 238814?
3
What is the ten thousands digit of 10323962?
2
What is the units digit of 14306456?
6
What is the ten thousands digit of 5435639?
3
What is the thousands digit of 8578?
8
What is the thousands digit of 1419928?
9
What is the millions digit of 2816050?
2
What is the hundred thousands digit of 317027?
3
What is the hundreds digit of 5653873?
8
What is the units digit of 2993213?
3
What is the ten thousands digit of 7056746?
5
What is the thousands digit of 2743824?
3
What is the tens digit of 311354?
5
What is the tens digit of 1505473?
7
What is the hundreds digit of 485627?
6
What is the ten thousands digit of 93475?
9
What is the millions digit of 17389506?
7
What is the tens digit of 9125810?
1
What is the ten thousands digit of 190400?
9
What is the hundred thousands digit of 16632001?
6
What is the hundreds digit of 34168264?
2
What is the units digit of 1299374?
4
What is the units digit of 377918?
8
What is the tens digit of 6474410?
1
What is the thousands digit of 11546949?
6
What is the ten thousands digit of 1313097?
1
What is the millions digit of 2920220?
2
What is the hundred thousands digit of 2569563?
5
What is the ten thousands digit of 3656423?
5
What is the ten thousands digit of 3972790?
7
What is the hundreds digit of 60770?
7
What is the units digit of 143594?
4
What is the tens digit of 258250?
5
What is the tens digit of 669655?
5
What is the thousands digit of 627773?
7
What is the thousands digit of 922419?
2
What is the thousands digit of 531483?
1
What is the tens digit of 105681?
8
What is the units digit of 406228?
8
What is the ten millions digit of 14544030?
1
What is the thousands digit of 1206662?
6
What is the hundred thousands digit of 292732?
2
What is the thousands digit of 2830897?
0
What is the millions digit of 10146383?
0
What is the tens digit of 4913003?
0
What is the tens digit of 8211?
1
What is the ten thousands digit of 2222255?
2
What is the ten thousands digit of 42545?
4
What is the tens digit of 173519?
1
What is the hundred thousands digit of 452328?
4
What is the tens digit of 4001999?
9
What is the ten thousands digit of 244720?
4
What is the hundred thousands digit of 12122652?
1
What is the hundred thousands digit of 145185?
1
What is the units digit of 1578625?
5
What is the hundreds digit of 2629806?
8
What is the hundreds digit of 3752300?
3
What is the tens digit of 679971?
7
What is the tens digit of 49122?
2
What is the hundreds digit of 17254778?
7
What is the hundred thousands digit of 38054444?
0
What is the tens digit of 3216928?
2
What is the ten thousands digit of 1102375?
0
What is the hundreds digit of 347682?
6
What is the hundreds digit of 168595?
5
What is the units digit of 2373028?
8
What is the millions digit of 16833356?
6
What is the ten thousands digit of 1152098?
5
What is the hundred thousands digit of 192601?
1
What is the thousands digit of 3268483?
8
What is the thousands digit of 185756?
5
What is the ten millions digit of 26645387?
2
What is the tens digit of 40659?
5
What is the tens digit of 119096?
9
What is the thousands digit of 185178?
5
What is the ten thousands digit of 552440?
5
What is the thousands digit of 877451?
7
What is the tens digit of 349456?
5
What is the ten thousands digit of 6410005?
1
What is the tens digit of 5314358?
5
What is the millions digit of 6127854?
6
What is the ten thousands digit of 164700?
6
What is the units digit of 886490?
0
What is the units digit of 656717?
7
What is the units digit of 211521?
1
What is the hundreds digit of 8238629?
6
What is the tens digit of 211191?
9
What is the hundreds digit of 17137464?
4
What is the ten thousands digit of 159498?
5
What is the hundreds digit of 17510781?
7
What is the units digit of 211610?
0
What is the tens digit of 1251455?
5
What is the tens digit of 3870742?
4
What is the thousands digit of 2256847?
6
What is the tens digit of 2522212?
1
What is the thousands digit of 7699327?
9
What is the ten thousands digit of 35782?
3
What is the thousands digit of 1957547?
7
What is the thousands digit of 167379?
7
What is the thousands digit of 215444?
5
What is the units digit of 23166767?
7
What is the hundreds digit of 6911441?
4
What is the thousands digit of 615084?
5
What is the tens digit of 404062?
6
What is the hundred thousands digit of 204363?
2
What is the units digit of 254015?
5
What is the units digit of 4330416?
6
What is the tens digit of 339994?
9
What is the hundreds digit of 1446806?
8
What is the units digit of 1309461?
1
What is the tens digit of 17735678?
7
What is the hundred thousands digit of 3367652?
3
What is the tens digit of 239917?
1
What is the hundreds digit of 155755?
7
What is the hundred thousands digit of 2730676?
7
What is the ten thousands digit of 36054?
3
What is the units digit of 1227551?
1
What is the hundreds digit of 2907887?
8
What is the hundreds digit of 6619644?
6
What is the hundred thousands digit of 3026869?
0
What is the thousands digit of 104255?
4
What is the units digit of 1416105?
5
What is the ten thousands digit of 473241?
7
What is the hundreds digit of 1394909?
9
What is the units digit of 538212?
2
What is the ten thousands digit of 43517?
4
What is the thousands digit of 939185?
9
What is the hundreds digit of 203728?
7
What is the millions digit of 2833786?
2
What is the ten thousands digit of 460601?
6
What is the millions digit of 4488281?
4
What is the tens digit of 2133341?
4
What is the hundred thousands digit of 309137?
3
What is the tens digit of 2601489?
8
What is the ten millions digit of 28062896?
2
What is the hundreds digit of 5816363?
3
What is the thousands digit of 229063?
9
What is the thousands digit of 275783?
5
What is the ten millions digit of 10591275?
1
What is the hundred thousands digit of 312229?
3
What is the millions digit of 4270486?
4
What is the units digit of 640663?
3
What is the thousands digit of 641611?
1
What is the thousands digit of 3609359?
9
What is the hundreds digit of 12350896?
8
What is the hundred thousands digit of 25182626?
1
What is the hundreds digit of 25968685?
6
What is the ten millions digit of 16826591?
1
What is the tens digit of 1058027?
2
What is the ten thousands digit of 328128?
2
What is the tens digit of 1551920?
2
What is the tens digit of 15979186?
8
What is the hundreds digit of 154529?
5
What is the hundreds digit of 803773?
7
What is the ten thousands digit of 1817560?
1
What is the thousands digit of 3430779?
0
What is the ten thousands digit of 20165?
2
What is the ten thousands digit of 302258?
0
What is the tens digit of 792262?
6
What is the units digit of 4197313?
3
What is the units digit of 10311910?
0
What is the hundred thousands digit of 8906243?
9
What is the tens digit of 27548970?
7
What is the hundred thousands digit of 2942590?
9
What is the ten thousands digit of 537783?
3
What is the hundreds digit of 2023659?
6
What is the units digit of 28399?
9
What is the hundreds digit of 2485177?
1
What is the hundreds digit of 14563006?
0
What is the units digit of 3548435?
5
What is the ten thousands digit of 2876711?
7
What is the hundred thousands digit of 318479?
3
What is the units digit of 13801166?
6
What is the hundred thousands digit of 1527339?
5
What is the hundreds digit of 19853?
8
What is the ten thousands digit of 1300458?
0
